be 2/8 - (-11)/4. Let z(v) = -v**2 + v + 3. What is z(g)?
-3
Let w(i) = -5*i**3 + 21*i**2 - 29*i + 12. Suppose -3 - 5 = -4*d. Let m(p) = -p**3 + 5*p**2 - 7*p + 3. Let t(q) = d*w(q) - 9*m(q). Give t(-4).
-7
Let p(j) be the third derivative of -j**4/24 - j**3/6 + j**2. Let u be p(3). Let z(k) = -1 + 3*k - k**3 - 3*k**2 - k + k. Give z(u).
3
Let v(x) = -x**3 - 12*x**2 + 13*x + 3. Let o be v(-13). Let y(t) = -t - t**3 + 2*t**3 - 7*t**2 + 0*t - 2*t**o. Calculate y(-7).
7
Let q(b) = -4*b - 5 - b**3 - 10*b**2 - 3*b + b + 4*b**2. What is q(-5)?
0
Let b(j) be the second derivative of 0 - j + 2/3*j**3 - 10*j**2. Let c(x) = 1. Let o(a) = b(a) + 20*c(a). What is o(2)?
8
Let y(k) = -6*k**2 - 3*k - 2. Let w(g) = 7*g**2 + 4*g + 2. Let a(l) = 5*w(l) + 6*y(l). Determine a(2).
-2
Suppose 0 = g + 2, -5*z - 5*g + 249 = -16. Let w(a) = 6*a + z - 55. Let r be (1/(-2))/(2/4). What is w(r)?
-6
Let o(x) = -x + 2. Let s = 8 - 5. Suppose v + 0*v = s. Calculate o(v).
-1
Let k(d) = -d**2 - 7*d + 3. Let w(o) = 5*o + 18. Let q be w(-5). Calculate k(q).
3
Let x be 0*((-2)/2 - -2). Let u(d) be the first derivative of d**4/4 + d**3/3 - d**2/2 + 4*d - 7. Calculate u(x).
4
Suppose z = -3*q + 3, -3*z = -6*z + 4*q - 4. Let w(o) = -o**2 + o - 2. What is w(z)?
-2
Let x(z) = -z + 3. Let p be x(6). Let c = 6 + p. Let d(v) = 5*v**2 - 1. Let o(m) = -9*m**2 + m + 2. Let r(b) = -7*d(b) - 4*o(b). Determine r(c).
-4
Let d(n) = 3*n**2 - 4*n - 1. Let a(o) = -o**3 - 1. Let h(p) = a(p) - d(p). Give h(-4).
0
Let f(i) = i**3 + i**2 - 1. Let j(k) = -7*k**3 + k**2 - 3*k + 15. Let c(u) = 6*f(u) + j(u). What is c(7)?
-12
Suppose -1 = 3*i + 2. Let a(c) be the third derivative of -7*c**4/12 + 43*c**2. Determine a(i).
14
Let o(f) be the first derivative of -1 + 1/24*f**4 + 1/3*f**3 + 1/60*f**5 + 1/120*f**6 + 0*f + 0*f**2. Let g(a) be the third derivative of o(a). What is g(-2)?
9
Let m(q) be the first derivative of q**4/3 + q**3/3 + q**2/2 + 4*q - 4. Let g(s) be the first derivative of m(s). Determine g(-1).
3
Suppose -5 = 4*q + 4*x - 1, -q - 2*x + 3 = 0. Let r(z) = z**2 + 5*z + 3. What is r(q)?
3
Let m(x) = x + 2. Let y be (1 - -5)*1/2. Suppose y*i = 3*f + i + 11, 2*i = -4*f - 24. Let t = 1 + f. Calculate m(t).
-2
Let a(q) = -q**3 - 7*q**2 - 8*q - 9. Suppose 0 = 2*s + 6 + 6. Give a(s).
3
Let g be ((-31)/93)/(2/(-30)). Let x(p) = -4*p - 2. Let y(d) = -d - 1. Let f(o) = -3*x(o) + 10*y(o). What is f(g)?
6
Let f(g) be the first derivative of g**4/4 - 2*g**2 - 3*g + 40. Let s(u) = 4*u - 2*u + 0*u. Let o be s(-1). Determine f(o).
-3
Let m(y) = -4 + 0 + 365*y - 364*y + y**3. What is m(0)?
-4
Suppose 3*p + 4 + 17 = 0. Let h(a) = -a**3 - 8*a**2 - 6*a + 7. Give h(p).
0
Let z(j) = 8*j - 13*j + 9*j. Calculate z(-1).
-4
Let l(t) = 29*t + 10 - 7 - 30*t. Determine l(4).
-1
Let d(z) = 8*z**2. Suppose o = 2*o - 1. Give d(o).
8
Let d be (8/10)/((-3)/15). Let z be 0 + d/(0 + -1). Suppose -3*f = z*v + 5, 3*f + 3 = 4*f - v. Let g(y) = 2*y. Calculate g(f).
2
Let w(t) = t**3 + 7*t**2 - 9*t - 4. Let h(v) = v**3 - 5*v**2 + v + 2. Let c be h(2). What is w(c)?
4
Suppose -5*i - 4*a + 9 = 0, 3*a + 4 - 2 = 5*i. Let c(x) = 5*x**3 + x - 1. Give c(i).
5
Let h be (-2)/(-120) + 1 + -1. Let a(t) be the third derivative of -5/24*t**4 + 2*t**2 + t**3 + 0*t + 0 + h*t**5. Give a(5).
6
Let t be 5*((-4)/1)/(-4). Let c(z) = -z + 7. Determine c(t).
2
Let x(u) be the third derivative of 6*u**2 - 1/60*u**5 - 1/12*u**4 + 0*u + 1/6*u**3 + 0. Calculate x(3).
-14
Let x(o) = o**2 - 3. Let c be x(3). Suppose -p - c = p. Let d(f) = -5 + 1 + 7 - 2*f. Give d(p).
9
Let n(y) be the third derivative of -y**6/720 + y**5/120 + y**4/8 - y**2. Let f(v) be the second derivative of n(v). Give f(0).
1
Let b(c) be the second derivative of -c**4/12 + 7*c**3/6 - 3*c**2/2 + 8*c. Determine b(7).
-3
Let h(a) be the first derivative of -a**4/4 - 2*a**3/3 - a + 1. Suppose -2*b - 2*b = 16, -1 = n - b. Let r = -7 - n. Calculate h(r).
-1
Let r(y) = -y**2 + 5*y - 1. Let m = 11 + -7. Suppose m*h = 2*h - 4*k - 2, -2*h + k + 13 = 0. What is r(h)?
-1
Let l(m) = 1. Let b(r) = -r - 2. Suppose -2*t + 5*q = -12, -12 = 4*t - q - 54. Let h be t/(-3) + (-6)/(-9). Let o(x) = h*b(x) - 6*l(x). Give o(2).
6
Let h(s) = s. Let x(m) = 3*m - 5. Let f(w) = 4*h(w) - x(w). What is f(-4)?
1
Let d(t) = -7*t - 2. Let n = -2 + 5. Give d(n).
-23
Let c be 3 - (10/(-2) - -1). Let s(x) = -x**3 + 6*x + 7. Let z(q) = -2*q**3 + q**2 + 12*q + 15. Let v(d) = c*s(d) - 3*z(d). Give v(-4).
-4
Let r(c) = -c + 17 - 6 - 10. Let m(d) be the second derivative of -d**3/6 + d. Let f be m(3). Calculate r(f).
4
Let k(g) be the third derivative of -g**8/20160 - g**7/5040 - g**6/720 + g**5/30 + 2*g**2. Let x(c) be the third derivative of k(c). Calculate x(-2).
-3
Suppose 10 = 6*m - m. Let s(a) = 9*a + m - 1 - 1. Give s(-1).
-9
Let i(b) = -b - 1. Let g be 2/((-4)/16*2). Determine i(g).
3
Let y(t) = -2*t**3 + 3*t**2 + t - 2. Let u be -2 - 0 - (-1 - 3). Give y(u).
-4
Let s(j) = j**3 + j**2 - j - 1. Suppose 0 = -2*n + 7 - 3. Determine s(n).
9
Let j(r) = 3*r + r**3 + 3 - 3*r**2 - 2*r**2 - 9. Let d(q) = q**3 - 4*q**2 + q + 1. Let n be d(4). What is j(n)?
9
Let a be (-12)/(-66) + (-31)/(-11). Let q(s) = 5*s - 1. Determine q(a).
14
Let o(j) = -2*j**3 - 7*j**2 + 15*j + 13. Let v(n) = n**3 + 3*n**2 - 7*n - 6. Let x(g) = 2*o(g) + 5*v(g). Give x(-3).
-7
Let c(w) = -w - 3. Let q be c(-6). Let v(h) = 1 - 4 + 2*h + q*h - 3*h. Determine v(3).
3
Let k(a) = a**2 - 4*a. Let w(y) = 9*y**2 - 1. Let r be w(-1). Suppose -2*t + l = -12, 0*l = 3*t + 5*l + r. Determine k(t).
0
Suppose -4*b + 14 = -3*u, 4*b + 8 = -5*u + 3*b. Let s be 4*-2*u/(-4). Let c(y) = -y**2 - y + 3. Give c(s).
-9
Let d(h) = 4*h**2 - h. Let c(x) = -x**3 + 6*x**2 + 8*x - 8. Let k be c(7). Determine d(k).
5
Let p(m) be the second derivative of m**5/20 + m**4/4 - m**3/3 + 21*m. Suppose 5*g = 1 + 9. Suppose 4*c - n = 3*n + 4, -g*n = 4*c + 20. Give p(c).
6
Let s(i) = -i**3 - i**2 - i. Let p(c) = 5*c**3 + 5*c**2 + 5*c + 7. Let u(y) = -p(y) - 4*s(y). Suppose k = -k. Give u(k).
-7
Let r(i) = i**3 - 13*i**2 - 13*i - 12. Let u be r(14). Let m(j) = -j**3 + 3*j**2 - 3*j + 2. Calculate m(u).
0
Let t(h) = h**2. Let c(v) = -5*v**3 + 3*v**2 + 2*v + 1. Let m(z) = -c(z) + 2*t(z). Determine m(-1).
-5
Let t(b) = -b**3 + b**2 + 4. Let p = 11 - 11. Calculate t(p).
4
Let u(h) = -h - 1. Suppose -3*r - 9 = i, -3*r = -i - 0*i + 15. Suppose -i*s + 9 = 2*d - 0, -5*s - d = -22. Let p(n) = n**2 - 5*n. Let b be p(s). Give u(b).
-1
Let h(n) be the first derivative of n**3/3 + 7*n**2/2 + 5*n - 57. Determine h(-4).
-7
Let i(x) = 1. Let m(l) = l + 3. Let z(k) = i(k) - m(k). What is z(4)?
-6
Let q be 30/6 - 2/4. Let a(p) be the first derivative of -p - 3 + q*p**2. Calculate a(1).
8
Let z(s) be the third derivative of 7*s**4/24 - s**3/3 + 2*s**2. Calculate z(2).
12
Let x(t) = 0*t**2 + 5*t + 3*t**2 - 2 - 4*t**2. Suppose -2*d + 7 = -d. Let k = 10 - d. Calculate x(k).
4
Let o(p) = 4*p**3 - 3*p**2 + 3*p + 1. Let x(j) be the first derivative of -j**4/4 - j**2/2 + 4. Let t(c) = o(c) + 3*x(c). What is t(3)?
1
Let r(c) = c**3 + 2*c**2 + 4. Suppose -2*n + 3 = 9, -18 = -m + 4*n. Suppose 5*z = -0*z + t + 21, -2*z + t = -m. Suppose -p - z = -2. Determine r(p).
-5
Let w(k) = 11*k - 16. Let s(u) = 4*u - 5. Let g(y) = -8*s(y) + 3*w(y). What is g(9)?
1
Let w(q) = q**2 - 3*q - 7. Let f(o) = 12*o + 3. Let d be f(-1). Let r = 15 + d. What is w(r)?
11
Let v be (-38)/(-7) + (-3)/7. Suppose -s = -v - 0. Let t(j) = -j**2 + 5*j + 3. Determine t(s).
3
Let t(f) = -f - 4. Let o = -30 + 21. Let g be t(o). Let h(i) = i + 1. Give h(g).
6
Let f(d) = -5*d + 1. Let k(p) = 4*p - 1. Let l(n) = 3*f(n) + 4*k(n). What is l(6)?
5
Suppose 18 = -2*t + 30. Let v(x) = 4*x - 21. Let k be v(t). Let u(l) = -l + 7. Calculate u(k).
4
Suppose 0 = -5*g - 0*g + 4*g. Let l(v) = v**3 - v**2 + 4. What is l(g)?
4
Let a(u) = -u**3 - u**2 + 2*u - 1. Suppose -3*x = x + 8. Determine a(x).
-1
Let f = 32 - 22. Let z(u) = u**3 - 9*u**2 - 10*u - 5. Let l be z(f). Let j(a) = -a - 2 + 0 + 3. Give j(l).
6
Let c be (4/(-8)*-10)/1. Suppose -2*k + 3*b = -9, b - 16 + c = -4*k. Let m(x) = -x**3 + 5*x**2 - 4*x - 1. What is m(k)?
5
Let t(k) = -k - 1. Let o(b) = -b**2 + 12*b + 9. Let u(i) = -o(i) - 5*t(i). Let z = 15 + 11. Let w = 32 - z. Calculate u(w).
-10
Let b(q) = 5 - 11*q + 22*q